{"id":132,"date":"2025-05-14T17:21:28","date_gmt":"2025-05-14T17:21:28","guid":{"rendered":"https:\/\/electricadventure.pl\/?page_id=132"},"modified":"2025-05-15T06:26:29","modified_gmt":"2025-05-15T06:26:29","slug":"podstrona-kajaki","status":"publish","type":"page","link":"https:\/\/electricadventure.pl\/index.php\/podstrona-kajaki\/","title":{"rendered":"Podstrona Kajaki"},"content":{"rendered":"<p>[et_pb_section fb_built=&#8221;1&#8243; admin_label=&#8221;Header&#8221; _builder_version=&#8221;4.27.4&#8243; _module_preset=&#8221;default&#8221; background_image=&#8221;https:\/\/electricadventure.pl\/wp-content\/uploads\/2025\/05\/Tekst-akapitu-SPLYWY-KAJAKOWE.png&#8221; custom_margin=&#8221;||-22px||false|false&#8221; custom_padding=&#8221;21vw||21vw||true|false&#8221; collapsed=&#8221;off&#8221; global_colors_info=&#8221;{}&#8221;][et_pb_row use_custom_gutter=&#8221;on&#8221; make_equal=&#8221;on&#8221; _builder_version=&#8221;4.27.4&#8243; _module_preset=&#8221;default&#8221; width=&#8221;23%&#8221; global_colors_info=&#8221;{}&#8221;][et_pb_column type=&#8221;4_4&#8243; _builder_version=&#8221;4.27.4&#8243; _module_preset=&#8221;default&#8221; global_colors_info=&#8221;{}&#8221;][et_pb_image src=&#8221;https:\/\/electricadventure.pl\/wp-content\/uploads\/2025\/05\/Temat-1-scaled.png&#8221; title_text=&#8221;Temat (1)&#8221; _builder_version=&#8221;4.27.4&#8243; _module_preset=&#8221;default&#8221; transform_scale=&#8221;148%|148%&#8221; transform_translate=&#8221;0px|12px&#8221; global_colors_info=&#8221;{}&#8221;][\/et_pb_image][et_pb_text _builder_version=&#8221;4.27.4&#8243; _module_preset=&#8221;default&#8221; global_colors_info=&#8221;{}&#8221;][\/et_pb_text][\/et_pb_column][\/et_pb_row][\/et_pb_section][et_pb_section fb_built=&#8221;1&#8243; admin_label=&#8221;Video&#8221; _builder_version=&#8221;4.27.4&#8243; _module_preset=&#8221;default&#8221; background_color=&#8221;#000000&#8243; collapsed=&#8221;on&#8221; global_colors_info=&#8221;{}&#8221;][et_pb_row column_structure=&#8221;1_2,1_2&#8243; _builder_version=&#8221;4.27.4&#8243; _module_preset=&#8221;default&#8221; hover_enabled=&#8221;0&#8243; global_colors_info=&#8221;{}&#8221; sticky_enabled=&#8221;0&#8243;][et_pb_column type=&#8221;1_2&#8243; _builder_version=&#8221;4.27.4&#8243; _module_preset=&#8221;default&#8221; global_colors_info=&#8221;{}&#8221;][et_pb_image src=&#8221;https:\/\/electricadventure.pl\/wp-content\/uploads\/2025\/05\/kajak-bounty.jpg&#8221; title_text=&#8221;kajak bounty&#8221; _builder_version=&#8221;4.27.4&#8243; _module_preset=&#8221;default&#8221; hover_enabled=&#8221;0&#8243; global_colors_info=&#8221;{}&#8221; sticky_enabled=&#8221;0&#8243;][\/et_pb_image][\/et_pb_column][et_pb_column type=&#8221;1_2&#8243; _builder_version=&#8221;4.27.4&#8243; _module_preset=&#8221;default&#8221; global_colors_info=&#8221;{}&#8221;][et_pb_text _builder_version=&#8221;4.27.4&#8243; _module_preset=&#8221;default&#8221; text_font=&#8221;Aboreto||||||||&#8221; text_text_color=&#8221;#FFFFFF&#8221; text_font_size=&#8221;20px&#8221; text_orientation=&#8221;center&#8221; hover_enabled=&#8221;0&#8243; global_colors_info=&#8221;{}&#8221; sticky_enabled=&#8221;0&#8243;]<\/p>\n<p>oferujemy sp\u0142ywy kajakami <strong>Bounty<\/strong>.<span> T<\/span>o\u00a0kr\u00f3tki, stabilny i\u00a0\u0142atwy w\u00a0manewrowaniu kajak jednoosobowy.<br \/>Du\u017cy kokpit zapewnia \u0142atwo\u015b\u0107 wsiadania i wysiadania, co doceni\u0105 zar\u00f3wno pocz\u0105tkuj\u0105cy, jak i wi\u0119ksi kajakarze.\u00a0 Wysoka burta powoduje, \u017ce w kajaku czujemy si\u0119 bardzo bezpiecznie.<\/p>\n<p>Materia\u0142: Polietylen HDPE<br \/>D\u0142ugo\u015b\u0107: 2,90m<br \/>Szeroko\u015b\u0107: 75cm<br \/>Wysoko\u015b\u0107 burty: 35cm<br \/>Waga: 20kg<br \/>Wyporno\u015b\u0107: 130kg<br \/>Kokpit wewn\u0105trz: 103cm x 44cm<\/p>\n<p>[\/et_pb_text][\/et_pb_column][\/et_pb_row][\/et_pb_section][et_pb_section fb_built=&#8221;1&#8243; admin_label=&#8221;Video&#8221; _builder_version=&#8221;4.27.4&#8243; _module_preset=&#8221;default&#8221; background_color=&#8221;#000000&#8243; collapsed=&#8221;on&#8221; global_colors_info=&#8221;{}&#8221;][et_pb_row column_structure=&#8221;1_2,1_2&#8243; _builder_version=&#8221;4.27.4&#8243; _module_preset=&#8221;default&#8221; global_colors_info=&#8221;{}&#8221;][et_pb_column type=&#8221;1_2&#8243; _builder_version=&#8221;4.27.4&#8243; _module_preset=&#8221;default&#8221; global_colors_info=&#8221;{}&#8221;][et_pb_image src=&#8221;https:\/\/electricadventure.pl\/wp-content\/uploads\/2025\/05\/kajak-bounty.jpg&#8221; title_text=&#8221;kajak bounty&#8221; _builder_version=&#8221;4.27.4&#8243; _module_preset=&#8221;default&#8221; global_colors_info=&#8221;{}&#8221;][\/et_pb_image][\/et_pb_column][et_pb_column type=&#8221;1_2&#8243; _builder_version=&#8221;4.27.4&#8243; _module_preset=&#8221;default&#8221; global_colors_info=&#8221;{}&#8221;][et_pb_text _builder_version=&#8221;4.27.4&#8243; _module_preset=&#8221;default&#8221; text_font=&#8221;Aboreto||||||||&#8221; text_text_color=&#8221;#FFFFFF&#8221; text_font_size=&#8221;20px&#8221; text_orientation=&#8221;center&#8221; hover_enabled=&#8221;0&#8243; global_colors_info=&#8221;{}&#8221; sticky_enabled=&#8221;0&#8243;]<\/p>\n<p>oferujemy sp\u0142ywy kajakami <strong>Bounty<\/strong>.<span> T<\/span>o\u00a0kr\u00f3tki, stabilny i\u00a0\u0142atwy w\u00a0manewrowaniu kajak jednoosobowy.<br \/>Du\u017cy kokpit zapewnia \u0142atwo\u015b\u0107 wsiadania i wysiadania, co doceni\u0105 zar\u00f3wno pocz\u0105tkuj\u0105cy, jak i wi\u0119ksi kajakarze.\u00a0 Wysoka burta powoduje, \u017ce w kajaku czujemy si\u0119 bardzo bezpiecznie.<\/p>\n<p>Materia\u0142: Polietylen HDPE<br \/>D\u0142ugo\u015b\u0107: 2,90m<br \/>Szeroko\u015b\u0107: 75cm<br \/>Wysoko\u015b\u0107 burty: 35cm<br \/>Waga: 20kg<br \/>Wyporno\u015b\u0107: 130kg<br \/>Kokpit wewn\u0105trz: 103cm x 44cm<\/p>\n<p>[\/et_pb_text][\/et_pb_column][\/et_pb_row][\/et_pb_section][et_pb_section fb_built=&#8221;1&#8243; admin_label=&#8221;Video&#8221; _builder_version=&#8221;4.27.4&#8243; _module_preset=&#8221;default&#8221; background_color=&#8221;#000000&#8243; collapsed=&#8221;on&#8221; global_colors_info=&#8221;{}&#8221;][et_pb_row column_structure=&#8221;1_2,1_2&#8243; _builder_version=&#8221;4.27.4&#8243; _module_preset=&#8221;default&#8221; global_colors_info=&#8221;{}&#8221;][et_pb_column type=&#8221;1_2&#8243; _builder_version=&#8221;4.27.4&#8243; _module_preset=&#8221;default&#8221; global_colors_info=&#8221;{}&#8221;][et_pb_image src=&#8221;https:\/\/electricadventure.pl\/wp-content\/uploads\/2025\/05\/DJI_0109-1.png&#8221; title_text=&#8221;DJI_0109 (1)&#8221; _builder_version=&#8221;4.27.4&#8243; _module_preset=&#8221;default&#8221; global_colors_info=&#8221;{}&#8221;][\/et_pb_image][\/et_pb_column][et_pb_column type=&#8221;1_2&#8243; _builder_version=&#8221;4.27.4&#8243; _module_preset=&#8221;default&#8221; global_colors_info=&#8221;{}&#8221;][et_pb_text _builder_version=&#8221;4.27.4&#8243; _module_preset=&#8221;default&#8221; text_font=&#8221;Aboreto||||||||&#8221; text_text_color=&#8221;#FFFFFF&#8221; text_font_size=&#8221;20px&#8221; text_orientation=&#8221;center&#8221; hover_enabled=&#8221;0&#8243; global_colors_info=&#8221;{}&#8221; sticky_enabled=&#8221;0&#8243;]<\/p>\n<p><strong>ceny:<\/strong><\/p>\n<p><span><strong>ma\u0142y sp\u0142yw<\/strong>, z transportem w g\u00f3r\u0119 rzeki busem 9-osobowym &#8211; ok. 10min dojazd, 2,5h sp\u0142yw (7km): 120z\u0142\/os.<\/span><\/p>\n<p><span><strong>du\u017cy sp\u0142yw<\/strong>, z transportem w g\u00f3r\u0119 rzeki busem 9-osobowym &#8211; ok. 20min dojazd, 5h sp\u0142yw(14km): 160z\u0142\/os.<\/span><\/p>\n<p>maksymalna liczba uczestnik\u00f3w &#8211; 8.<\/p>\n<p><span>Minimalna liczba uczestnik\u00f3w &#8211; 2.<\/span><\/p>\n<p><span><\/span><\/p>\n<p>[\/et_pb_text][\/et_pb_column][\/et_pb_row][\/et_pb_section][et_pb_section fb_built=&#8221;1&#8243; admin_label=&#8221;Video&#8221; _builder_version=&#8221;4.27.4&#8243; _module_preset=&#8221;default&#8221; background_color=&#8221;#000000&#8243; collapsed=&#8221;on&#8221; global_colors_info=&#8221;{}&#8221;][et_pb_row column_structure=&#8221;1_2,1_2&#8243; _builder_version=&#8221;4.27.4&#8243; _module_preset=&#8221;default&#8221; global_colors_info=&#8221;{}&#8221;][et_pb_column type=&#8221;1_2&#8243; _builder_version=&#8221;4.27.4&#8243; _module_preset=&#8221;default&#8221; global_colors_info=&#8221;{}&#8221;][et_pb_image src=&#8221;https:\/\/electricadventure.pl\/wp-content\/uploads\/2025\/05\/DSC06199-scaled.jpg&#8221; title_text=&#8221;DSC06199&#8243; _builder_version=&#8221;4.27.4&#8243; _module_preset=&#8221;default&#8221; transform_scale=&#8221;128%|128%&#8221; transform_translate=&#8221;-3px|-51px&#8221; global_colors_info=&#8221;{}&#8221;][\/et_pb_image][\/et_pb_column][et_pb_column type=&#8221;1_2&#8243; _builder_version=&#8221;4.27.4&#8243; _module_preset=&#8221;default&#8221; global_colors_info=&#8221;{}&#8221;][et_pb_text _builder_version=&#8221;4.27.4&#8243; _module_preset=&#8221;default&#8221; text_font=&#8221;Aboreto||||||||&#8221; text_text_color=&#8221;#FFFFFF&#8221; text_font_size=&#8221;16px&#8221; text_line_height=&#8221;1em&#8221; text_orientation=&#8221;center&#8221; custom_padding=&#8221;||0px|||&#8221; global_colors_info=&#8221;{}&#8221;]<\/p>\n<p>TU SI\u0118 MIE\u015aCIMY:<\/p>\n<p>UL. SPACEROWA\u00a0 8<\/p>\n<p>41-217 sOSNOWIEC<\/p>\n<p>TEL:<\/p>\n<p>518955372<\/p>\n<p>EMAIL:<\/p>\n<p>ELECTRICADVENTURE.PL@GMAIL.COM<\/p>\n<p>&nbsp;<\/p>\n<p>[\/et_pb_text][\/et_pb_column][\/et_pb_row][\/et_pb_section]<\/p>\n","protected":false},"excerpt":{"rendered":"<p>oferujemy sp\u0142ywy kajakami Bounty. To\u00a0kr\u00f3tki, stabilny i\u00a0\u0142atwy w\u00a0manewrowaniu kajak jednoosobowy.Du\u017cy kokpit zapewnia \u0142atwo\u015b\u0107 wsiadania i wysiadania, co doceni\u0105 zar\u00f3wno pocz\u0105tkuj\u0105cy, jak i wi\u0119ksi kajakarze.\u00a0 Wysoka burta powoduje, \u017ce w kajaku czujemy si\u0119 bardzo bezpiecznie. Materia\u0142: Polietylen HDPED\u0142ugo\u015b\u0107: 2,90mSzeroko\u015b\u0107: 75cmWysoko\u015b\u0107 burty: 35cmWaga: 20kgWyporno\u015b\u0107: 130kgKokpit wewn\u0105trz: 103cm x 44cmoferujemy sp\u0142ywy kajakami Bounty. To\u00a0kr\u00f3tki, stabilny i\u00a0\u0142atwy w\u00a0manewrowaniu kajak [&hellip;]<\/p>\n","protected":false},"author":1,"featured_media":0,"parent":0,"menu_order":0,"comment_status":"closed","ping_status":"closed","template":"page-template-blank.php","meta":{"_et_pb_use_builder":"on","_et_pb_old_content":"","_et_gb_content_width":"","footnotes":""},"class_list":["post-132","page","type-page","status-publish","hentry"],"_links":{"self":[{"href":"https:\/\/electricadventure.pl\/index.php\/wp-json\/wp\/v2\/pages\/132","targetHints":{"allow":["GET"]}}],"collection":[{"href":"https:\/\/electricadventure.pl\/index.php\/wp-json\/wp\/v2\/pages"}],"about":[{"href":"https:\/\/electricadventure.pl\/index.php\/wp-json\/wp\/v2\/types\/page"}],"author":[{"embeddable":true,"href":"https:\/\/electricadventure.pl\/index.php\/wp-json\/wp\/v2\/users\/1"}],"replies":[{"embeddable":true,"href":"https:\/\/electricadventure.pl\/index.php\/wp-json\/wp\/v2\/comments?post=132"}],"version-history":[{"count":8,"href":"https:\/\/electricadventure.pl\/index.php\/wp-json\/wp\/v2\/pages\/132\/revisions"}],"predecessor-version":[{"id":179,"href":"https:\/\/electricadventure.pl\/index.php\/wp-json\/wp\/v2\/pages\/132\/revisions\/179"}],"wp:attachment":[{"href":"https:\/\/electricadventure.pl\/index.php\/wp-json\/wp\/v2\/media?parent=132"}],"curies":[{"name":"wp","href":"https:\/\/api.w.org\/{rel}","templated":true}]}}